ase 10, what is -1172158 + 0?
-1172158
In base 2, what is -11011010010111 + 1110?
-11011010001001
In base 3, what is 122210000210 - -10?
122210000220
In base 11, what is -9 + 5108?
50aa
In base 2, what is -1000111110 + -10101?
-1001010011
In base 11, what is -43 + 7?
-37
In base 2, what is -10110111010 + 101?
-10110110101
In base 5, what is 442 - -341?
1333
In base 4, what is 120333000 + -2?
120332332
In base 6, what is 3 + 100144?
100151
In base 15, what is -106d + -65?
-10d3
In base 6, what is -2 + -110553?
-110555
In base 14, what is 6a - -123?
18d
In base 11, what is 8 + 5410a?
54117
In base 14, what is -1 - -226b04?
226b03
In base 5, what is -22 + 2003104?
2003032
In base 9, what is -587 + 0?
-587
In base 10, what is 31921 + -132?
31789
In base 7, what is 13 - 1362463?
-1362450
In base 8, what is -16 + 1551204?
1551166
In base 12, what is 118 + 637a?
6496
In base 5, what is -142340 - 3?
-142343
In base 11, what is -2a4a + 12?
-2a38
In base 8, what is -353050 + 4?
-353044
In base 11, what is -81 + 5432?
5361
In base 2, what is -10001001011011111 - 111?
-10001001011100110
In base 16, what is -19a + 0?
-19a
In base 9, what is 2 + -347568?
-347566
In base 16, what is 1642b + e?
16439
In base 15, what is -35923 - -5?
-3591d
In base 14, what is -1a - 1647?
-1663
In base 6, what is -15553 + 1431?
-14122
In base 3, what is 1 + 121001011201?
121001011202
In base 2, what is -1100000001 - 10110100?
-1110110101
In base 10, what is -2121 + -2?
-2123
In base 5, what is 314 - -4310?
10124
In base 13, what is 8 + -832?
-827
In base 6, what is 30 + -2223022?
-2222552
In base 6, what is 115 + 13430?
13545
In base 15, what is -5 - -53e7?
53e2
In base 8, what is 5 + -574356?
-574351
In base 2, what is -1000011001 - -10011010?
-101111111
In base 12, what is -5 + 114813?
11480a
In base 8, what is -6 - 752751?
-752757
In base 3, what is -22100121022 + 0?
-22100121022
In base 11, what is 548 + 276?
813
In base 11, what is -62610 - 2?
-62612
In base 11, what is 16 - 13a3?
-1388
In base 2, what is 1101011101010 - -10?
1101011101100
In base 7, what is 40164 - 4?
40160
In base 11, what is 31 + -7677?
-7646
In base 12, what is 3 - 5608?
-5605
In base 11, what is -197a - 78?
-1a47
In base 7, what is -2346 - 1?
-2350
In base 7, what is -53 - 5310?
-5363
In base 2, what is 100 + -1111100110111010?
-1111100110110110
In base 6, what is 3214 - -15530?
23144
In base 3, what is -12 + -20201000?
-20201012
In base 9, what is 4372 - -378?
4761
In base 12, what is -133 - -23a?
107
In base 11, what is -233a7 + 2?
-233a5
In base 13, what is 30632 - -2?
30634
In base 12, what is -2 - -1a32?
1a30
In base 3, what is -11 + 10100001012?
10100001001
In base 5, what is -1 - -1002142?
1002141
In base 15, what is -67 + 1ac?
145
In base 15, what is 5 + -3e14e?
-3e149
In base 3, what is -2 + 11022220?
11022211
In base 2, what is 11001101 - 100010000?
-1000011
In base 2, what is -101 + 10001100100111110011?
10001100100111101110
In base 3, what is 0 + -121121121120?
-121121121120
In base 7, what is 13245 - 12?
13233
In base 7, what is 0 + -6310305?
-6310305
In base 14, what is 801250 - -5?
801255
In base 9, what is 20151 + 14?
20165
In base 10, what is 3 + 41798?
41801
In base 4, what is 11 - -123331020?
123331031
In base 14, what is -4c43 - 9?
-4c4c
In base 10, what is -7039302 + 4?
-7039298
In base 6, what is -10 - 4150315?
-4150325
In base 15, what is 59 - -349?
3a3
In base 14, what is -42 - 81?
-c3
In base 12, what is -a761 - -26?
-a737
In base 4, what is -120303 - -303?
-120000
In base 9, what is 121 - 2150?
-2028
In base 7, what is -23 - -30455?
30432
In base 11, what is -3 + -43a00?
-43a03
In base 3, what is -110221 - 1021111?
-1202102
In base 16, what is -20361 + -6?
-20367
In base 8, what is 212317 - -2?
212321
In base 9, what is 24408 + -3?
24405
In base 13, what is 32 - -95a?
98c
In base 2, what is 101 - 100110011100010110?
-100110011100010001
In base 15, what is 333e + 3?
3342
In base 6, what is 341 + -152?
145
In base 15, what is 20ab9 - -16?
20ad0
In base 11, what is -22a + -94?
-313
In base 12, what is -1 - 6702b?
-67030
In base 10, what is -50229 + 13?
-50216
In base 12, what is 55 + 632?
687
In base 5, what is -42244 - 1314?
-44113
In base 8, what is 63417 - -7?
63426
In base 14, what is d - 11a?
-10b
In base 16, what is -cc1 - 54?
-d15
In base 8, what is -32 + -12746?
-13000
In base 4, what is 1103 - 101?
1002
In base 13, what is 14 - -1bb6?
1bca
In base 12, what is 2a27 + 106?
2b31
In base 12, what is -7122 - 11?
-7133
In base 7, what is -5410621 + -1?
-5410622
In base 8, what is -14 + -34114?
-34130
In base 10, what is -15 - 87?
-102
In base 7, what is 5 + -2313600?
-2313562
In base 9, what is -17274 + -140?
-17424
In base 2, what is 1 + -11011110000010001?
-11011110000010000
In base 11, what is 5a3180 + 2?
5a3182
In base 9, what is -2 + 262724?
262722
In base 5, what is -2014441323 + -1?
-2014441324
In base 15, what is -95 - a49?
-ade
In base 6, what is 3315 - -3411?
11130
In base 16, what is 5 + 607fb?
60800
In base 14, what is 285 + 3a?
2c1
In base 14, what is 1 - -37193?
37194
In base 6, what is 141134 - 4?
141130
In base 15, what is -3e90 - 17?
-3ea7
In base 4, what is -220000011 + -3?
-220000020
In base 2, what is -10110011111011100110 + 10?
-10110011111011100100
In base 9, what is -48677 - 1?
-48678
In base 10, what is -10 + -15242?
-15252
In base 8, what is -4 + -142056?
-142062
In base 4, what is -2113200223 - 11?
-2113200300
In base 8, what is 2 + 5644?
5646
In base 12, what is 5485b1 + -5?
5485a8
In base 14, what is 2263 + -5?
225c
In base 7, what is -5 - 1552505?
-1552513
In base 8, what is 1 - 2260601?
-2260600
In base 11, what is 14aa9 - -1?
14aaa
In base 14, what is -8cbd9 + -4?
-8cbdd
In base 4, what is -313112221 - -1?
-313112220
In base 4, what is -1 - 3322010?
-3322011
In base 9, what is -6 - -3013?
3006
In base 16, what is 31586 - 6?
31580
In base 10, what is 616 + -10779?
-10163
In base 12, what is -491912 + -2?
-491914
In base 6, what is 4004121 - -23?
4004144
In base 12, what is 134 + 59?
191
In base 8, what is 376740 - -3?
376743
In base 13, what is -45 - 181?
-1c6
In base 2, what is 111011 + -101100010011?
-101011011000
In base 6, what is 411253 + 5?
411302
In base 9, what is -226170 - -1?
-226168
In base 12, what is 5999 + 23?
5a00
In base 13, what is 584 - -c2?
676
In base 13, what is 11b4 + 24?
1208
In base 6, what is -10 + -3223?
-3233
In base 13, what is 2 + -4148?
-4146
In base 2, what is -100010010011100001 + 110?
-100010010011011011
In base 13, what is -2 + -1452?
-1454
In base 3, what is 2102 - 1212020?
-1202211
In base 10, what is 6 - -164162?
164168
In base 5, what is 224424 - -240?
230214
In base 6, what is -32513 - -1?
-32512
In base 3, what is -1111 - -1022220?
1021102
In base 13, what is -1a1 + -93?
-264
In base 13, what is 4827 - 8?
481c
In base 7, what is 51 + 616213?
616264
In base 3, what is -1000122121110 - -10?
-1000122121100
In base 14, what is -78 - 693?
-72b
In base 12, what is -9601 + 16?
-95a7
In base 16, what is 1368 + -202?
1166
In base 6, what is -13 - -10353000?
10352543
In base 5, what is -10 + -32422?
-32432
In base 2, what is 1 + 100000010000011101?
100000010000011110
In base 4, what is 312 - -1202012?
1202330
In base 3, what is -200000100012 - -20?
-200000022222
In base 6, what is -145030 + 4?
-145022
In base 8, what is 1070 + -434?
434
In base 16, what is -1 + 1889?
1888
In base 2, what is 110100010 + -1110011?
100101111
In base 14, what is 93 - -218d?
2242
In base 3, what is -110 + -1020102001?
-1020102111
In base 6, what is 25 + 33242?
33311
In base 7, what is 305 + 150606?
151214
In base 10, what is -384921 - -2?
-384919
In base 8, what is 60615 + 105?
60722
In base 10, what is 54938 + -3?
54935
In base 15, what is 32 - 5b10?
-5acd
In base 8, what is 36 + 57614?
57652
In base 11, what is -1 + 31109?
31108
In base 16, what is -1 + 83bba?
83bb9
In base 12, what is 115 - -a75?
b8a
In base 13, what is -41a - 1498?
-18b5
In base 12, what is 25270 + -2?
2526a
In base 2, what is 100100000111 + -11?
100100000100
In base 5, what is -4110020 - -1?
-4110014
In base 16, what is -1e1743 + 1?
-1e1742
In base 12, what is -a95 - -183?
-912
In base 7, what is -12526 + 111?
-12415
In base 13, what is 501 - -28b?
78c
In base 